v + 2*v + 12 = 2*m, 0 = -5*v - 25. Suppose m*w = 15*w - 104. List the prime factors of w.
2, 13
Suppose -5*f - 4 = -19. Suppose 245 = -5*b - z, -3*z = -f*b - 7*z - 164. List the prime factors of 0 - b - (-1 - 1).
2, 5
Suppose -7*z + 780 = -2*z. Let h = -1179 - -1183. Suppose 0 = h*c - c - z. List the prime factors of c.
2, 13
Let d(n) = -n**3 - 4*n**2 - 6*n + 5. Let r be d(-6). Let x = r - 72. Suppose 4*v = -4*c + 112, -2*v - 2*c = -3*c - x. What are the prime factors of v?
23
Let n = 1899 + -168. What are the prime factors of n?
3, 577
Let k = -23 - -36. Suppose -4*d = 16, 10 + k = p - 4*d. Let j = p - -14. What are the prime factors of j?
3, 7
Let i be 26*(2 - 1) - 2. Let q = 60 + i. Suppose -5*r = q - 319. List the prime factors of r.
47
Let a be (-45)/(-3)*(232/12 + -4). Let y = -81 + a. What are the prime factors of y?
149
Suppose -4*o + 95 - 16 = 5*u, 2*o + 4*u = 32. What are the prime factors of o?
2, 13
What are the prime factors of (174/(-116))/(2/(-2952))?
2, 3, 41
Let k = 609 + -312. Suppose 5*x = j + k, 5*j + 4 + 41 = x. List the prime factors of x*(26/6 - 4).
2, 5
Suppose 0 = 4*j - 15 - 5. Suppose -4*k = b - 7 - 20, 20 = j*k. What are the prime factors of b?
11
Let l(a) = 4*a + 1. Suppose 0 = 4*i - 8*i + 92. Suppose 5*f = 7 + i. What are the prime factors of l(f)?
5
Let o(f) = f**2 + 9*f - 21. Let i be o(-10). Let a(v) = 2*v**2 + 12*v - 10. List the prime factors of a(i).
2, 5
Let s(o) = 2*o**2 - o + 274. Let i be s(0). Let u = i - 156. What are the prime factors of u?
2, 59
Suppose 2 = 3*a + 8. What are the prime factors of (-1)/(75/(-37) - a)?
37
Let n = -149 + 185. What are the prime factors of n?
2, 3
Let v(k) = 64*k**3 - 3*k**2 - 2*k - 6. List the prime factors of v(3).
3, 563
Suppose 37*k - 551 = 114593. What are the prime factors of k?
2, 389
Let t be ((-39)/(-78))/((1/(-2))/1). What are the prime factors of (-1)/t + (94 - -6)?
101
Let l be -2 + (-12)/(-3) + -2. Let v(f) = -3*f + 2*f**2 - 7*f - 5 + l*f + 3. What are the prime factors of v(7)?
2, 13
Let x be (-4)/(-10) + 3156/10 + 1. Let c = -168 + x. List the prime factors of c.
149
Let c(h) = -h**3 - 2*h**2 - 11*h + 5. Let y be c(-8). Suppose -7*k + 5*g + 98 = -6*k, 3*g = 4*k - y. List the prime factors of k.
3, 41
Let n(s) = -s**3 + 6*s**2 - 2*s + 3. Suppose -10 - 18 = -4*g. Let b be (-116)/(-28) + (-1)/g. List the prime factors of n(b).
3
Let g(f) = f + 8. Let w be -11 - -1 - (-2)/1. Let i be g(w). Suppose 5*t - 54 - 181 = i. List the prime factors of t.
47
Let s(x) = -x**3 + 4*x**2 - 3. Let k be s(2). Suppose 2*h - 75 = k*h. Let o = 4 - h. What are the prime factors of o?
29
Let l(x) = 4008*x**3 - 6*x**2 + 4*x. List the prime factors of l(1).
2, 2003
What are the prime factors of 9*43 - (22 + -16)?
3, 127
Suppose 5*m = -36 + 61. Suppose -4*r = -5*g - 402, -5*r - m*g = -0*r - 525. What are the prime factors of r?
103
Let j(s) be the first derivative of 5*s**4/4 - 5*s**3/3 + 3*s**2/2 + 4*s - 15. What are the prime factors of j(2)?
2, 3, 5
Suppose 3920 = 4*d - 3*r, -5*r - 4900 = -5*d - r. List the prime factors of d.
2, 5, 7
Suppose 3*w + 551 = 2261. List the prime factors of w.
2, 3, 5, 19
List the prime factors of ((-9630)/9)/(-1) - -9.
13, 83
Suppose z + 4202 = 6869. List the prime factors of z.
3, 7, 127
Let z be (-160)/40 - (-2)/2. Let m(s) = -45*s + 13. Let i(a) = -15*a + 4. Let h(v) = 7*i(v) - 2*m(v). List the prime factors of h(z).
47
Let k be 92/15 - (-8)/(-60). Suppose 0 = 5*g - 4 - k. List the prime factors of (g/6)/(8/816).
2, 17
Let g = 561 - 204. What are the prime factors of g?
3, 7, 17
Let h be (1/2)/(6/24). Let a(p) = 3*p - 12. Let t be a(5). Suppose -110 = -h*f - t*f. List the prime factors of f.
2, 11
Let t = 18 - 13. Suppose -20 = -t*v + 4*b - 2*b, v + 3*b = 4. Let o = 5 + v. What are the prime factors of o?
3
Let l(o) = -o**3 - 6*o**2 + 5*o - 14. Let h be l(-7). Suppose -8*m - 4 - 4 = h. What are the prime factors of (m + 3)*27/6?
3
Suppose 96 = -32*f + 31*f. Let r = 144 + f. What are the prime factors of r?
2, 3
Suppose -j - 3*l + 905 = -l, 4*j - 4*l = 3680. What are the prime factors of j?
3, 5, 61
Let f(w) = w**2 + 6*w + 20. What are the prime factors of f(7)?
3, 37
Suppose -5*f = 5*w - 10, -3*f + 8*f - 20 = 0. List the prime factors of ((-1)/w)/(3/654).
109
Let a = 9934 - 6825. What are the prime factors of a?
3109
Suppose 4*h = -12, 3*s + 4*h - 10089 = 3*h. List the prime factors of s.
2, 29
Suppose -9*w + 129 - 12 = 0. List the prime factors of w.
13
Suppose 12*f - 4175 - 781 = 0. What are the prime factors of f?
7, 59
Let u(v) = -70*v + 124. What are the prime factors of u(-8)?
2, 3, 19
Suppose -5*a + 2 = -8. Let g = 1 - -4. Suppose -2*k - k = 2*w - 47, -g*k + 85 = a*w. List the prime factors of k.
19
Suppose 1 = l - 4*w - 5, 5*w = 3*l + 3. Let x(q) = -q**2 - 7*q - 6. Let j be x(l). What are the prime factors of -2 + (j - 0) - -34?
2
Suppose 3*t = 2*t + 5. Let z = 162 - 170. List the prime factors of 121/t + z/40.
2, 3
What are the prime factors of -2 + (364 - (-8)/(-2))?
2, 179
Let r(t) = t - 5. Let h be r(6). Let g(a) = 344*a**3 + 2*a**2 - 4*a + 3. What are the prime factors of g(h)?
3, 5, 23
Suppose -5*p - 3*x - 195 = 0, 3*p = 5*x + 6 - 157. Let k = p + 67. Suppose 2*w - w = k. List the prime factors of w.
5
Let i = 6 + -1. Suppose -4*w + 52 = i*j, -j + 4*w + 1 - 5 = 0. Suppose -3*a + 44 = q, 0 = 3*a - j*a - 2*q + 73. List the prime factors of a.
3, 5
Let b be (-2 - -16 - -2)/((-19)/(-38)). Suppose 0 = -2*k + 202 + b. What are the prime factors of k?
3, 13
Suppose -2847 = -3*z - z + 3*a, -5*z = -a - 3556. List the prime factors of z.
3, 79
Let r(a) = -a**3 + a**2 + 2*a + 2. Let w be r(0). Suppose w*j + 4*t - 150 = 0, -2*t + 5*t = 0. What are the prime factors of j?
3, 5
Let p be 0*(6/(-4) - -2). Let r be (-8)/(p - (3 - 1)). Suppose -9 = -r*d + 27. List the prime factors of d.
3
Suppose 24 + 6 = 5*r. Let q(g) be the first derivative of -g**3/3 + 7*g**2/2 + 5*g - 39. List the prime factors of q(r).
11
List the prime factors of ((-10656)/(-84))/((-3)/(-28)).
2, 37
Let m(s) = 8*s + 12 - 8 + 3*s**2 - 14. List the prime factors of m(-9).
7, 23
Let y(o) be the first derivative of o**4/4 + 20*o**3/3 + 8*o**2 - 22*o - 37. List the prime factors of y(-19).
5, 7
Let f(n) = 14*n**2 + 66*n - 2. What are the prime factors of f(-12)?
2, 13, 47
Suppose 5*o - 4285 = -0*o. What are the prime factors of o?
857
List the prime factors of 5 + 1 + 10 + 2739.
5, 19, 29
Let l(w) = w**3 - 29*w**2 + 18*w - 73. What are the prime factors of l(31)?
29, 83
Suppose f = 2*t - 3015, f = 5*t - 6*t + 1515. What are the prime factors of t?
2, 5, 151
Suppose -72 = -4*h - 4*q, -4*q - 4 = -0*q. Suppose -h = -15*p + 14*p. List the prime factors of p.
19
Let h be (2/5)/((-12)/360). Let s = -31 - h. What are the prime factors of s/((2 - -2)/(-12))?
3, 19
Let i(r) = -r - 12. Let f be i(-12). Suppose f = 6*c - 9 - 3. List the prime factors of (-14)/(1/(-3 + c)).
2, 7
Let b(p) be the first derivative of 31*p**3/3 + p**2 + p - 1. Let j be 1 + -5 + (-12)/(-4). What are the prime factors of b(j)?
2, 3, 5
Suppose 0 = -17*x + 15*x + 10. Suppose 2*y + x*g = 3*g + 244, -25 = 5*g. List the prime factors of y.
127
Let a(m) = -m**3 - 12*m**2 - 9*m + 3. Let r be a(-11). Let f = 0 - r. What are the prime factors of f?
19
Let k(p) = -p**3 + 4*p**2 + 11*p + 6. Let z be k(6). Suppose -5*l - 4*m + 176 = z, 3*m = -3*l + l + 76. List the prime factors of l.
2
Let u(s) = -s**2 - 5*s - 1. Suppose -4*p = 0, p - 4 - 1 = 5*h. Let z be (-9)/h*1/(-3). What are the prime factors of u(z)?
5
Suppose 0 = 2*h - h - 25. Let m be h - (3 + 0 + 0). Suppose -m = -o - 0*o. List the prime factors of o.
2, 11
Suppose 5*d - 4*y = 3065, 5*d - 3*y - 2123 - 947 = 0. List the prime factors of d.
617
Let v(z) = 8*z**2 + 7*z - 4. List the prime factors of v(7).
19, 23
Suppose j + 2 = -h, -4*j + h + 0*h + 17 = 0. Suppose 4*a - 324 = v, -j*a + 0*v + 258 = 3*v. What are the prime factors of a?
2, 41
Let p be 2*(70/15)/(2/6). Suppose 5*o + 54 = -1. Let u = p + o. List the prime factors of u.
17
Suppose -2*u = -6*u + 3*d + 8, 5*u = d + 10. Suppose u*w + 796 = 6*w. What are the prime factors of w?
199
Suppose 1123 = 6*t - 4499. List the prime factors of t.
937
Let w be (-2)/(-8) - ((-69)/12 + 4). Suppose 0*x = x - 2*b - 87, -4*b + 